rs of k.
13
Suppose -2*q = 6, 4*r - 2*q - 1113 = q. List the prime factors of r.
2, 3, 23
Let n(c) = -313*c**3 - 2*c - 2. What are the prime factors of n(-1)?
313
Let a be (0 + 2 + -1)*-1. Let s be -2 + 12 + 0 + a. Suppose x = -0*x + s. List the prime factors of x.
3
Suppose -3*j = 2*j - 145. List the prime factors of j.
29
Let p be -40 - (1 + 1) - -3. Let s = -11 - p. List the prime factors of s.
2, 7
Let b = -3 + 3. Suppose x + 3*x - 24 = b. Let t = x - -2. What are the prime factors of t?
2
Let r(a) = -a**3 - 4*a**2 + 4*a - 6. Let i be r(-5). Let g be i/(-1) + 0 - 0. Let c = g + 6. What are the prime factors of c?
7
Suppose 4*c - 382 = 86. What are the prime factors of c?
3, 13
Let b be (-420)/(-8)*16/6. What are the prime factors of b/8 - 2/4?
17
Suppose 209 = 2*k - k + 3*z, -2*z + 866 = 4*k. What are the prime factors of k?
2, 109
Let s(r) = -r**2 - 2*r - 7. Let k be s(-5). Let l = -10 - k. List the prime factors of l.
2, 3
Suppose 2*t + 3*n = 20, -2*t + 5*t - 16 = -n. Suppose t*u = b - 20, -2*b + 28 = -0*b - 2*u. What are the prime factors of b?
2, 3
Let d(n) be the third derivative of 0*n + 0 + n**3 + 1/120*n**6 - 1/6*n**4 + n**2 - 1/20*n**5. What are the prime factors of d(4)?
2, 3
Let i(k) = k**2 - 9*k + 11. What are the prime factors of i(9)?
11
Let p be (-2 + -2)/(-2) + -5. Let r = 17 + p. What are the prime factors of r?
2, 7
Let r be (-1 - 1)*(-5)/10. List the prime factors of (3/(-9))/(r/(-39)).
13
Let m = 10 + -8. Suppose 6*a = m*a + 612. List the prime factors of (4/6)/(6/a).
17
Suppose 2*c - 26 = 4*j, 2*c + j - 3*j - 22 = 0. Suppose 3*o = -c, -20 = -n - 6*o + 2*o. What are the prime factors of n?
2
Suppose -2*y + 12 = 2*q, 14 = 5*y + 3*q - 18. List the prime factors of y.
7
Let m = -96 - -262. List the prime factors of m.
2, 83
Let t(x) = -x**3 - 3*x**2 + x + 4. What are the prime factors of t(-4)?
2
Let u = -7 + 7. What are the prime factors of u + (-3 - -3) + 15?
3, 5
Let v(h) = -h + 9. Let o be v(5). Suppose -4*j + 170 = j. Suppose j = 5*q + o. List the prime factors of q.
2, 3
Suppose 2*r = 3*j + 1, -2*r + 5 = j - 0*j. Let q be 41/r + 3/6. Suppose -3*h = -0 - q. What are the prime factors of h?
7
Suppose -5*o + 55 = -5*w, -6 - 3 = o + 3*w. What are the prime factors of ((-22)/4)/((-1)/o)?
3, 11
Let v be (-8)/10*(-15)/6. Suppose 3*i + v*i = -615. What are the prime factors of (-4)/22 + i/(-11)?
11
Let t(o) = o**2 - 11*o + 7. What are the prime factors of t(12)?
19
Let d be (1 - 0)/((-5)/(-350)). Suppose -3*r - 2*r + d = 0. Suppose 52 = -2*j + 6*j - 3*v, v = j - r. What are the prime factors of j?
2, 5
Suppose -4*u = 3*g - 117, -2*g - 2*u = -3*u - 78. Let i = g - 23. What are the prime factors of i?
2
Let m = -7 + 3. What are the prime factors of (-2)/(-8) - 27/m?
7
Suppose -15 = -2*n - 5*m, n + 3*m - 6 = 3. Suppose f + 2 + n = 0. Let a(s) = s**3 + 3*s**2 + 1. List the prime factors of a(f).
5
Let u be (-4)/(-14) + (-44)/7. Let g = -4 - u. Suppose g*p = p + 2*x, 4*p = x + 35. What are the prime factors of p?
2, 5
Let t(f) = -f**2 - 18*f - 4. Let x(m) = -2*m + 7. Let s be x(7). Let g be t(s). Suppose -3*r - g = -4*k - 12, -r - 42 = -3*k. List the prime factors of k.
13
Let y be 3/9 - (-10)/(-3). Let n = 6 + y. Suppose -o - 5*l + 1 = n, -3*o - 2*l + 20 = 0. What are the prime factors of o?
2
Let m(o) = o**2 + 15*o + 17. Let y be m(-13). Let l = y - -12. What are the prime factors of l?
3
Let p(r) = r**3 + 5*r**2 - 6*r + 6. Let t be 1*(0 - 7) + 1. Let z be p(t). Let x = z - -4. List the prime factors of x.
2, 5
Suppose 2*z - 42 = z. List the prime factors of z.
2, 3, 7
Let k = -52 + 25. Let i = 42 + k. What are the prime factors of i?
3, 5
Suppose 4*g - 173 = 7. What are the prime factors of g?
3, 5
Let b(m) be the first derivative of -m**3/3 + 5*m**2 - 10*m - 1. Let c be b(8). Let z(j) = j**2 - 6*j + 6. What are the prime factors of z(c)?
2, 3
Suppose -30 = -4*p - 3*n + 627, 309 = 2*p - 5*n. List the prime factors of p.
2, 3
Let z = 40 - 32. What are the prime factors of z?
2
Suppose 1116 = 4*y - 4*p, 0*p = 2*y + 3*p - 558. What are the prime factors of y?
3, 31
Let z(l) = -2*l**2 + l. Let t be z(2). Let j(d) = -d - 7. Let b be j(t). What are the prime factors of -2 - (b + 25)/(-3)?
2, 3
Let i = 12 + -8. List the prime factors of (58/i - 2)*2.
5
Let w(i) = 4*i + 4. Let m be w(6). Suppose -r + 6 = 23. Let q = r + m. List the prime factors of q.
11
Suppose 0*y + 3*y + 16 = 2*v, 5 = 3*v + 5*y. Suppose -20 = 4*m, -v*n - 2*m = 2*m - 115. What are the prime factors of n?
3
Let o(c) = 11*c + 6. Let t be o(4). Suppose 5*r + t = 2*w, 7*w + 2*r = 3*w + 76. What are the prime factors of w?
2, 5
Let n = 0 - -2. Suppose -i + 10 = -n. Suppose f = -f + i. List the prime factors of f.
2, 3
Suppose -1 = 3*o - 4*o. Suppose -m - 15 = -6*m - 3*g, -o = -m - g. What are the prime factors of m?
2, 3
Let m(d) = 15*d**2 + 1. Let w be m(-1). Suppose 88 = 4*r + w. List the prime factors of r.
2, 3
What are the prime factors of 1*3*9/(-12)*-24?
2, 3
Let g be 24/1*(0 + 1). Suppose 2*j + 8 = -5*u - 3, 3*u = j + 22. Let z = j + g. List the prime factors of z.
11
Suppose 0 = 7*k - 14. Suppose k*w = n - 42, n + 3*w - 197 = -4*n. What are the prime factors of n?
2, 5
Suppose 4*c - 2*w = -10, -8 = 3*c - c - 2*w. Let t = 8 - c. List the prime factors of t.
3
Suppose -2*v = 8, -4*w - 3*v - 4 - 8 = 0. Let m = -1 + 8. Suppose w*j + j = m. What are the prime factors of j?
7
Let s(t) be the third derivative of 3/8*t**4 + 0 + 0*t - 3*t**2 - 1/60*t**5 - t**3. What are the prime factors of s(8)?
2
Suppose 3*d = -126 + 321. Let v = d - 34. List the prime factors of v.
31
Suppose -c = 2*o - 9, -o = -2*c - 2*o + 27. Let d be (-10)/c - 40/(-6). What are the prime factors of 4/d*(-1 + 22)?
2, 7
Let v(j) = j**3 + 6*j**2 - 2*j - 6. Let k be v(-6). Suppose k = 3*x - 33. List the prime factors of x.
13
Suppose 5*r = -0*r. Suppose r = 5*z - 3*z - 22. What are the prime factors of z?
11
Suppose 4*v + 38 - 330 = 0. What are the prime factors of v?
73
Let n = -494 - -877. List the prime factors of n.
383
What are the prime factors of -49*(5/(-10))/((-3)/(-18))?
3, 7
Suppose -5*d + 0 = -l - 4, -3*d = -l. List the prime factors of (-48)/(-9) - l/(-9).
2, 3
Suppose 5*o + 4*y - 766 = 294, -5*o + 2*y + 1030 = 0. What are the prime factors of o?
2, 13
Let q(l) = 0*l - 2*l - 3*l**2 + 1 - 5 + l**2 - l**3. What are the prime factors of q(-3)?
11
Let u = 377 + -186. List the prime factors of u.
191
Suppose 2*h - 6*h + 20 = 0. Suppose 72 = -3*y + h*y. What are the prime factors of y?
2, 3
Suppose -3*u = -41 + 11. Suppose -u = -2*b - 3*b. Suppose -b*l + 3*l = 8. What are the prime factors of l?
2
Suppose 3*s = 3*y + 4*s - 141, -243 = -5*y + s. Let p = y + -6. What are the prime factors of p?
2, 3, 7
Let d be (435/(-10))/((-2)/4). Let y = d - 50. Let b = y + -20. List the prime factors of b.
17
Suppose 5*z - 1 = 9. Let p = z - 1. Let f(v) = 7*v. List the prime factors of f(p).
7
Let b be 2/(-4) + (-33)/6. Let x = b + 8. Suppose -v + 4 = -x. What are the prime factors of v?
2, 3
Suppose -b = 3*b - 152. Suppose 0 = -2*c - 3*c + 265. Let u = c - b. List the prime factors of u.
3, 5
Suppose 11*i = 1387 + 142. List the prime factors of i.
139
Suppose -45 = 4*i + 5*f, -i + 4*f + 9 + 6 = 0. Let y = i + 3. What are the prime factors of 22*y/(-4) + -3?
2
Let b(f) = -2*f + 1. Let j be b(-2). Suppose -5 - 1 = -v. List the prime factors of (v/3)/(1/j).
2, 5
Let m be 1/(3/12*2). Suppose 4*n - n = -6, -58 = m*i + 2*n. Let z = i + 45. List the prime factors of z.
2, 3
Suppose -15*y = -11*y. Let r = -18 - -31. What are the prime factors of 1 + r - (3 + y)?
11
Let d(u) be the first derivative of 9*u**2/2 - u + 1. Let n be d(2). Suppose p - 5*r - 36 = 0, 2*p - r + 2*r - n = 0. What are the prime factors of p?
11
Suppose 30 = 3*m - 33. Suppose -r = 9 - m. List the prime factors of r.
2, 3
Let a(m) = m**3 + 4*m**2 - 5*m + 2. Let j be a(-5). Suppose -x + 4 = -j*n + 22, 4*n - 28 = -2*x. What are the prime factors of (-2)/n - (-45)/4?
11
Suppose 0 = s + 3*x - 25, 0*x - 3*x = -s + 13. What are the prime factors of s?
19
Let d = -17 - -34. What are the prime factors of d?
17
Suppose -215 + 521 = 3*q. Suppose 3*u + 34 = 3*d + 100, -5*u + d = -q. What are the prime factors of u?
2, 5
Let s(a) be the second derivative